20 - y**7/504 + 7*y**6/720 + y**5/120 - y**4/24 - y**2. Let p(x) be the second derivative of b(x). Determine p(-6).
-5
Let d = -99/2 - -50. Let k(p) be the first derivative of -4 + d*p**2 + 3*p. Give k(0).
3
Let o be (1 + 2)*14/6. Let b = 21 + -10. Let f = b - o. Let j(i) = -i**2 + 3*i. Give j(f).
-4
Suppose 0 = -u + 2 + 4. Let g(p) = 0 + 6*p + 11*p + 6 - 18*p. What is g(u)?
0
Let v(y) be the first derivative of -y**4/4 - y**3/3 - y**2/2 + 4*y + 46. Let u be (-2)/(-2) - (-1)/(-1). Calculate v(u).
4
Let x(r) = -4*r + 9. Let b(q) = 1. Let h(z) = 6*b(z) - x(z). What is h(2)?
5
Let z(q) = -3*q**3 - 2*q - 1. Suppose -2*t - 14 - 2 = 0. Let f = 7 + t. Calculate z(f).
4
Let y = -29 + 23. Let o(s) = -s**2 - 9*s - 9. Determine o(y).
9
Let h = 88 - 82. Let w(i) = i - 1. Determine w(h).
5
Let z(c) be the third derivative of c**5/60 - 7*c**4/24 + 5*c**3/6 + 3*c**2. Determine z(6).
-1
Let j(m) = -m**2 + 5*m - 4. Let z = -18 - -22. Calculate j(z).
0
Let m(s) be the second derivative of 1/12*s**4 - 2*s - 9/2*s**2 + 0 - 5/6*s**3. What is m(7)?
5
Let x be (24/10)/((-3)/30). Let w be 14/4*x/(-14). Let l(o) = -o**2 + 7*o - 6. Give l(w).
0
Suppose 4*d + 4*b = 20, -2*b = 3*b - 25. Let t = d + -4. Let a(i) = -4*i + i**3 - 5 + i**2 - 3*i**2 + 5*i**2. Give a(t).
-5
Let f = -4 + 6. Let k(w) = 0*w + 3*w + 0*w - 66 + 64 + w**2. Give k(f).
8
Suppose 0 = 4*m + 2*o, -2*m - 2 = 2*m + 3*o. Let d(r) = 3*r**3 + r - 6*r**3 + 0*r**3 - 1 + 2*r**3. Determine d(m).
-1
Let n(b) be the second derivative of b**3/6 + b**2/2 - 6*b. Give n(-1).
0
Let f be -1 - (-5 + 2/2). Let i(a) = -a**3 + 2*a**2 + 2*a + 2. What is i(f)?
-1
Let o be 3/(-5) + 286/10. Suppose 5*y = d - 5*d - o, 4*d = 2*y. Let q(m) = -5*m + 5. Let h(s) = -14*s + 14. Let g(w) = -3*h(w) + 8*q(w). Determine g(y).
-10
Let x(m) = -m**2 + 5*m + 4. Suppose 4*y - 28 = 3*a, y - 3*a - 13 - 3 = 0. Suppose v = y*v - 12. Calculate x(v).
8
Suppose 0 = 5*m - 3*i - 10, -2*i + 0*i = -2*m + 4. Let k(h) = h**2 + 3 + 2 - 5*h - 2. Calculate k(m).
-3
Let x(j) = -j**2 + 6*j - 5. Let w be x(3). Let n(t) = t**3 - 4*t**2 - 2*t + 4. Give n(w).
-4
Let b = 13 - 11. Let w(h) = h**3 + 9*h**2 - 4*h - 1. Let n(v) = -2*v**3 - 10*v**2 + 4*v + 1. Let c(j) = b*n(j) + 3*w(j). Calculate c(6).
11
Let d(b) = -5*b**2 - 8*b + 3. Let x(l) = -l**2 - l. Let z(v) = -d(v) + 4*x(v). Give z(-6).
9
Let b be (-14*1)/(2*-1). Let o = b - 11. Let j(s) = s**2 + 2*s. Determine j(o).
8
Let o(u) be the third derivative of 0 - 1/6*u**3 + 0*u - 1/24*u**4 + u**2. What is o(-4)?
3
Let d(v) = v**3 - 4*v**2 - 4*v + 2. Let b(a) = a**3 + 2*a**2 - 4*a - 4. Let m be b(-2). What is d(m)?
-14
Let f = 0 + -2. Let d(q) = -q**3 + 6*q**2 + 2*q - 1. Let o(z) = 3*z**3 - 13*z**2 - 4*z + 2. Let x(i) = -5*d(i) - 2*o(i). Give x(f).
-3
Let y(z) = 4*z + 1. Suppose -2 = -c - n, 24 = -4*c + 3*n + n. What is y(c)?
-7
Let y(n) = n. Let j be y(0). Let v(f) = -2 + 1 - 7*f + j. Give v(-1).
6
Let b(x) be the third derivative of x**4/12 + 7*x**3/3 + 8*x**2. Give b(-10).
-6
Let d(t) = t**2 - 6*t + 7. Suppose 0 = -4*l + 5*w + 1, -3*w + 29 = 4*l + l. Suppose 2*s + 5*o = 19 + 1, 3*o + l = 2*s. Determine d(s).
2
Let d(y) = 9*y. Let p(c) = -c**3 + 23*c**2 + c - 22. Let v be p(23). Calculate d(v).
9
Let t(o) be the third derivative of -o**5/60 + 7*o**4/12 - 19*o**3/6 - 3*o**2 + 15*o. What is t(13)?
-6
Let c(s) = -s**3 - 3*s**2 + s - 2. Let d = 1 + 1. Suppose -8 = -2*f + 2. Suppose -f*w = 2*k + 7, d*k = w - 2*w + 5. Determine c(w).
-5
Let f(z) = 8*z + 1. Let h(i) = -i**2 + 9*i + 1. Let t be (-19)/(-2) + (-1)/2. Let k be h(t). Determine f(k).
9
Suppose 0*p = -4*p. Let k(r) = -r + 3*r + 1 + p. Give k(1).
3
Let f(w) = 2*w**2 - 2*w - 1. Let m(b) = -b**2 - 6*b - 9. Let n be m(-4). Determine f(n).
3
Let a(m) = -m**3 - 4*m**2 + 4*m + 4. Let y(l) = l**3 + 10*l**2 - 11*l - 5. Let c be y(-11). Calculate a(c).
9
Let b(z) be the third derivative of -1/60*z**5 - 6*z**2 - 1/24*z**4 + 1/2*z**3 + 0*z + 0. Give b(-3).
-3
Let m(b) = b + 2. Let i(a) = 2*a + 7. Let x(z) = -2*i(z) + 7*m(z). Determine x(5).
15
Let d(x) = x - 1. Let m(f) = -f**3 - 3*f**2 + 9*f + 1. Let v be m(-5). Calculate d(v).
5
Let g(r) = -8*r + 5. Let a(b) = b - 1. Let m(p) = -4*a(p) - g(p). Give m(1).
3
Let h(x) = x**2 - 4*x + 3. Suppose -3*i - 8 = 13. Let r = -2 - i. Give h(r).
8
Let a(v) = v**3 - v - 7. Let h(r) = -r**2 + 14*r - 12. Let o be h(11). Suppose 6*d - o = 3*z + 3*d, -4*d = 4*z + 52. Let s = z + 10. Calculate a(s).
-7
Let l(p) = 2*p**3 - p**2 + p. Let w be l(1). Suppose 12 = 3*f - 4*m, 2*f - f - 2*m - 6 = 0. Let i(g) = -g - 2 + f*g + 2*g**2 + 2*g. What is i(w)?
8
Suppose 8*i - 8 = 4*i. Let l(q) = q**3 + q**2 - 2*q. Give l(i).
8
Let o(j) = -j**2 + 12*j - 33. Let w be o(6). Let d(x) = x**3 - 4*x**2 - 3*x - 4. Determine d(w).
-22
Let j(a) = a**2 + 7*a. Let n be j(-6). Suppose 0 = -k - i, 2*i - 3 = -k - 6. Let t(d) = 3*d**2 + 3*d**2 + 0*d**k + d**3 - 3 + d**2 + 6*d. What is t(n)?
-3
Let x be 2 - (0 - (1 + -1)). Let z(w) = 0*w**x + w + 0*w**2 - w**2 + 2. Give z(3).
-4
Let n(z) = z**3 + z**2 + 8*z + 0*z**2 + 2*z**3 - 9*z - 1. Calculate n(-1).
-2
Let r(w) be the third derivative of -w**5/60 + w**4/6 + w**3 + 39*w**2. Determine r(5).
1
Let f(y) = y**2 - 4*y - 2. Let k(d) = -2*d**2 + 6*d + 3. Suppose -2*x = -4*x + 16. Let i(s) = x*f(s) + 5*k(s). What is i(-2)?
-5
Let j be ((-4)/(-5))/((-198)/(-45) + -4). Let p(w) = -2*w**3 + w**2 + 2. Calculate p(j).
-10
Suppose -2*q = -5*b - 32, 3*q - b - 3*b - 34 = 0. Let k(o) = 2*o + 4. What is k(q)?
16
Suppose -5*g + 4*k + 3 + 3 = 0, -k + 1 = 0. Suppose -g*p = 3*p. Let l(s) be the third derivative of -s**6/120 - s**4/24 + s**3 + s**2. What is l(p)?
6
Suppose -7 = -j - 0. Let z(y) = y**2 - 8*y - 3. Calculate z(j).
-10
Let z = 10 - 10. Suppose -3*r + 2*m = 3*m + 16, r + 3*m + 8 = z. Let g(d) = d**2 + 4*d. Determine g(r).
5
Let z = -40 + 62. Let s = 1 + 2. Suppose 4*a + 5 = -5*h, a - s*a = -4*h + z. Let f(x) = -x**3 - 5*x**2 + 2*x + 5. Determine f(a).
-5
Let m(a) = 8*a**2 + 2 - 9*a**2 + 0*a**2. Suppose -6 = -4*j + 6*j. Determine m(j).
-7
Suppose 0 = t - 3*m + 7*m - 3, -5*t - 2*m = -15. Let w(i) = 3*i + 3*i**2 + 2*i - 2*i**2 - 7 + t. Calculate w(-5).
-4
Let a = 1 - 1. Let c(z) = 7*z**2 + z + 2. Let o(m) = -13*m**2 - 2*m - 3. Let h(s) = 11*c(s) + 6*o(s). Calculate h(a).
4
Let s(d) = 4*d - 2. Let g(w) = 7*w - 4. Suppose -r = 4*r - 5*p + 5, -5*r + p - 25 = 0. Let a(t) = r*g(t) + 11*s(t). Give a(-4).
-6
Let w(h) = h**3 - 4*h**2 + h + 4. Let u = 108 + -104. Determine w(u).
8
Let q be (4 - (-10)/(-2)) + 3. Suppose x + 3 + 0 = -2*u, 0 = -u - x - q. Let b(s) be the third derivative of -s**5/30 - s**4/12 - s**3/6 + s**2. Give b(u).
-1
Let n(m) = 4 + 0 + m + 0. Let u(h) = h**3 - 6*h**2 + h - 3. Let r be u(6). Suppose 4*d + 2*w = -32, -4*d + r*w = 2*w + 20. Give n(d).
-2
Let i be 4/26 + (-4)/26. Suppose j - 4*j - 5*f + 18 = 0, -j - 4*f = -13. Let m(h) = h + h**2 - j + 3 - 3. Calculate m(i).
-1
Suppose a - 30 = -2*a. Suppose -2*w - 5*b = -w + a, -2*w + 19 = -3*b. Let l(x) = -2*x - x + w*x - x**2. Determine l(4).
-8
Suppose j = 2*g + 16, 3*j + 2*j = 5*g + 65. Let o be (6/j)/((-1)/(-5)). Let p(i) = -3*i**o - 6*i**2 + 2 + 4*i**3 - 2*i**3 - 5*i. Give p(-5).
2
Let g(s) = -s**2 - 6*s + 1. Let o be g(-6). Let i(r) = 13*r**2. Calculate i(o).
13
Let x = 6 + -3. Let n(u) be the third derivative of 1/6*u**4 + 0*u - 1/6*u**x + 0 - 2*u**2 - 1/60*u**5. Determine n(5).
-6
Suppose s + 5 = -0. Let q = -2 - s. Let y(z) = z**3 - 4*z**2 - 2*z + 4. Determine y(q).
-11
Let u(k) = k**2 + 5*k + 2. Suppose -3*j + 2 = 5. Let q be j/(((-12)/9)/4). Suppose -2*b - 15 = q*b. What is u(b)?
-4
Let d(o) = -o - 1. Let g(a) = -a**2 + 2*a. Let t(k) = 4*d(k) - g(k). Calculate t(7).
3
Suppose l = -2*g, -2*g = -4*g - 5*l - 16. Let m(d) = -4*d**2 + 0 + 1 + g*d**2 - d**3. Calculate m(-1).
0
Suppose -5 = -f - 2. Suppose s - 2*q = 2, s + 0*s = q + f. Let a(m) = s*m - 5*m + 2 - 1. What is a(-5)?
6
Let v(l) = -3*l**3 - 10*l**2 - l + 3. Let q(j) = j**3 + 3*j**2 - 1. Let a(m) = -7*q(m) - 2*v(m). Suppose c = 4*c + 6. Calculate a(c).
1
Let x(l) = -l. Let g be x(0). Suppose g = 6*q - 2*q - 12. Let d(y) = -y**3 + 3*y**2 + y. Calculate d(q).
3
Let w(q) be the second derivative of -q**5/20 - q**4/3 - q**3/3 + q**2 - 2*q. Suppose 5*g = -5*d, -2*d - 2*d + 15 = -g. Calculate w(g).
-1
Let t(f) = f*